{"id":570,"date":"2023-06-09T10:38:55","date_gmt":"2023-06-09T13:38:55","guid":{"rendered":"https:\/\/gouttierealuminiumtfg.fr\/site\/?page_id=570"},"modified":"2023-06-09T16:09:45","modified_gmt":"2023-06-09T19:09:45","slug":"pourquoi-lhabillage-en-alu","status":"publish","type":"page","link":"https:\/\/gouttierealuminiumtfg.fr\/site\/pourquoi-lhabillage-en-alu\/","title":{"rendered":"Pourquoi l&#8217;habillage en alu\u00a0?"},"content":{"rendered":"\t\t<div data-elementor-type=\"wp-page\" data-elementor-id=\"570\" class=\"elementor elementor-570\" data-elementor-post-type=\"page\">\n\t\t\t\t\t\t<section class=\"elementor-section elementor-top-section elementor-element elementor-element-14cfc9a7 elementor-section-height-min-height elementor-section-boxed elementor-section-height-default elementor-section-items-middle wpr-particle-no wpr-jarallax-no wpr-parallax-no wpr-sticky-section-no\" data-id=\"14cfc9a7\" data-element_type=\"section\" data-settings=\"{&quot;background_background&quot;:&quot;classic&quot;}\">\n\t\t\t\t\t\t\t<div class=\"elementor-background-overlay\"><\/div>\n\t\t\t\t\t\t\t<div class=\"elementor-container elementor-column-gap-default\">\n\t\t\t\t\t<div class=\"elementor-column elementor-col-100 elementor-top-column elementor-element elementor-element-753528d\" data-id=\"753528d\" data-element_type=\"column\">\n\t\t\t<div class=\"elementor-widget-wrap elementor-element-populated\">\n\t\t\t\t\t\t<div class=\"elementor-element elementor-element-5616c299 elementor-widget elementor-widget-heading\" data-id=\"5616c299\" data-element_type=\"widget\" data-widget_type=\"heading.default\">\n\t\t\t\t<div class=\"elementor-widget-container\">\n\t\t\t\t\t<h2 class=\"elementor-heading-title elementor-size-default\">Pourquoi l&#8217;habillage en alu\u00a0?<\/h2>\t\t\t\t<\/div>\n\t\t\t\t<\/div>\n\t\t\t\t<div class=\"elementor-element elementor-element-34c2fd9a elementor-widget-divider--view-line elementor-widget elementor-widget-divider\" data-id=\"34c2fd9a\" data-element_type=\"widget\" data-widget_type=\"divider.default\">\n\t\t\t\t<div class=\"elementor-widget-container\">\n\t\t\t\t\t\t\t<div class=\"elementor-divider\">\n\t\t\t<span class=\"elementor-divider-separator\">\n\t\t\t\t\t\t<\/span>\n\t\t<\/div>\n\t\t\t\t\t\t<\/div>\n\t\t\t\t<\/div>\n\t\t\t\t\t<\/div>\n\t\t<\/div>\n\t\t\t\t\t<\/div>\n\t\t<\/section>\n\t\t\t\t<section class=\"elementor-section elementor-top-section elementor-element elementor-element-b3ba205 elementor-section-boxed elementor-section-height-default elementor-section-height-default wpr-particle-no wpr-jarallax-no wpr-parallax-no wpr-sticky-section-no\" data-id=\"b3ba205\" data-element_type=\"section\">\n\t\t\t\t\t\t<div class=\"elementor-container elementor-column-gap-default\">\n\t\t\t\t\t<div class=\"elementor-column elementor-col-100 elementor-top-column elementor-element elementor-element-5d072d8\" data-id=\"5d072d8\" data-element_type=\"column\">\n\t\t\t<div class=\"elementor-widget-wrap elementor-element-populated\">\n\t\t\t\t\t\t<div class=\"elementor-element elementor-element-3c3f8527 elementor-widget elementor-widget-image\" data-id=\"3c3f8527\" data-element_type=\"widget\" data-widget_type=\"image.default\">\n\t\t\t\t<div class=\"elementor-widget-container\">\n\t\t\t\t\t\t\t\t\t\t\t\t\t\t\t<img fetchpriority=\"high\" decoding=\"async\" width=\"590\" height=\"285\" src=\"https:\/\/gouttierealuminiumtfg.fr\/site\/wp-content\/uploads\/2023\/03\/TFG-ALU-Toiture-Facade-et-Gouttiere-en-Yvelines-78.png\" class=\"attachment-large size-large wp-image-240\" alt=\"TFG ALU - Toiture Fa\u00e7ade et Goutti\u00e8re en Yvelines 78\" srcset=\"https:\/\/gouttierealuminiumtfg.fr\/site\/wp-content\/uploads\/2023\/03\/TFG-ALU-Toiture-Facade-et-Gouttiere-en-Yvelines-78.png 590w, https:\/\/gouttierealuminiumtfg.fr\/site\/wp-content\/uploads\/2023\/03\/TFG-ALU-Toiture-Facade-et-Gouttiere-en-Yvelines-78-300x145.png 300w\" sizes=\"(max-width: 590px) 100vw, 590px\" \/>\t\t\t\t\t\t\t\t\t\t\t\t\t\t\t<\/div>\n\t\t\t\t<\/div>\n\t\t\t\t<div class=\"elementor-element elementor-element-99b04aa elementor-widget-divider--view-line elementor-widget elementor-widget-divider\" data-id=\"99b04aa\" data-element_type=\"widget\" data-widget_type=\"divider.default\">\n\t\t\t\t<div class=\"elementor-widget-container\">\n\t\t\t\t\t\t\t<div class=\"elementor-divider\">\n\t\t\t<span class=\"elementor-divider-separator\">\n\t\t\t\t\t\t<\/span>\n\t\t<\/div>\n\t\t\t\t\t\t<\/div>\n\t\t\t\t<\/div>\n\t\t\t\t\t<\/div>\n\t\t<\/div>\n\t\t\t\t\t<\/div>\n\t\t<\/section>\n\t\t\t\t<section class=\"elementor-section elementor-top-section elementor-element elementor-element-179753ed elementor-section-boxed elementor-section-height-default elementor-section-height-default wpr-particle-no wpr-jarallax-no wpr-parallax-no wpr-sticky-section-no\" data-id=\"179753ed\" data-element_type=\"section\">\n\t\t\t\t\t\t<div class=\"elementor-container elementor-column-gap-wide\">\n\t\t\t\t\t<div class=\"elementor-column elementor-col-100 elementor-top-column elementor-element elementor-element-0f60cf6\" data-id=\"0f60cf6\" data-element_type=\"column\">\n\t\t\t<div class=\"elementor-widget-wrap elementor-element-populated\">\n\t\t\t\t\t\t<div class=\"elementor-element elementor-element-279f114 elementor-widget elementor-widget-text-editor\" data-id=\"279f114\" data-element_type=\"widget\" data-widget_type=\"text-editor.default\">\n\t\t\t\t<div class=\"elementor-widget-container\">\n\t\t\t\t\t\t\t\t\t<p>Chez TFG ALU, nous sommes fiers de vous pr\u00e9senter notre expertise en mati\u00e8re d&#8217;habillage en aluminium. Que vous soyez un particulier ou une entreprise, nous sommes l\u00e0 pour r\u00e9pondre \u00e0 tous vos besoins en mati\u00e8re d&#8217;habillage ext\u00e9rieur.<\/p><p>L&#8217;aluminium est un mat\u00e9riau de choix pour l&#8217;habillage, et ce pour de bonnes raisons. Tout d&#8217;abord, il offre une durabilit\u00e9 exceptionnelle. Contrairement \u00e0 d&#8217;autres mat\u00e9riaux, l&#8217;aluminium ne se d\u00e9forme pas, ne rouille pas et ne se corrode pas au fil du temps. Il r\u00e9siste \u00e9galement aux intemp\u00e9ries, ce qui en fait un choix id\u00e9al pour les r\u00e9gions o\u00f9 les conditions climatiques sont extr\u00eames.<\/p><p>En plus de sa durabilit\u00e9, l&#8217;aluminium est \u00e9galement tr\u00e8s l\u00e9ger. Cela signifie qu&#8217;il est facile \u00e0 manipuler et \u00e0 installer, ce qui r\u00e9duit consid\u00e9rablement les co\u00fbts et les d\u00e9lais de mise en \u0153uvre. De plus, l&#8217;aluminium offre une grande flexibilit\u00e9 en termes de conception. Il peut \u00eatre fa\u00e7onn\u00e9 dans une vari\u00e9t\u00e9 de formes et de finitions, ce qui vous permet de cr\u00e9er des habillages personnalis\u00e9s qui s&#8217;adaptent parfaitement \u00e0 votre style et \u00e0 votre esth\u00e9tique.<\/p><p>Un autre avantage majeur de l&#8217;habillage en aluminium est son aspect esth\u00e9tique. L&#8217;aluminium offre une apparence moderne et \u00e9l\u00e9gante qui rehausse l&#8217;attrait visuel de n&#8217;importe quel b\u00e2timent. Que vous souhaitiez habiller votre maison, votre bureau ou tout autre espace, l&#8217;aluminium ajoutera une touche de sophistication et de qualit\u00e9.<\/p><p>Chez TFG ALU, nous sommes sp\u00e9cialis\u00e9s dans la fourniture et l&#8217;installation d&#8217;habillages en aluminium de haute qualit\u00e9. Nous travaillons avec des mat\u00e9riaux de premier choix et nous nous engageons \u00e0 fournir des produits durables et esth\u00e9tiques qui r\u00e9pondent aux attentes les plus \u00e9lev\u00e9es de nos clients.<\/p><p>Notre \u00e9quipe d&#8217;experts se tient \u00e0 votre disposition pour vous conseiller et vous accompagner tout au long du processus, de la conception \u00e0 l&#8217;installation. Nous vous garantissons un service professionnel, fiable et personnalis\u00e9.<\/p><p>Alors, pourquoi choisir l&#8217;habillage en alu ? Parce que chez TFG ALU, nous vous offrons les meilleurs produits, une expertise in\u00e9gal\u00e9e et un service client exceptionnel. Contactez-nous d\u00e8s aujourd&#8217;hui pour discuter de vos projets d&#8217;habillage en aluminium et laissez-nous transformer vos id\u00e9es en r\u00e9alit\u00e9 !<\/p>\t\t\t\t\t\t\t\t<\/div>\n\t\t\t\t<\/div>\n\t\t\t\t\t<\/div>\n\t\t<\/div>\n\t\t\t\t\t<\/div>\n\t\t<\/section>\n\t\t\t\t<section class=\"elementor-section elementor-top-section elementor-element elementor-element-44838ec5 elementor-section-boxed elementor-section-height-default elementor-section-height-default wpr-particle-no wpr-jarallax-no wpr-parallax-no wpr-sticky-section-no\" data-id=\"44838ec5\" data-element_type=\"section\" data-settings=\"{&quot;background_background&quot;:&quot;classic&quot;}\">\n\t\t\t\t\t\t<div class=\"elementor-container elementor-column-gap-default\">\n\t\t\t\t\t<div class=\"elementor-column elementor-col-100 elementor-top-column elementor-element elementor-element-155a4d70\" data-id=\"155a4d70\" data-element_type=\"column\" data-settings=\"{&quot;background_background&quot;:&quot;classic&quot;}\">\n\t\t\t<div class=\"elementor-widget-wrap elementor-element-populated\">\n\t\t\t\t\t\t<div class=\"elementor-element elementor-element-5f822668 elementor-widget elementor-widget-menu-anchor\" data-id=\"5f822668\" data-element_type=\"widget\" data-widget_type=\"menu-anchor.default\">\n\t\t\t\t<div class=\"elementor-widget-container\">\n\t\t\t\t\t\t\t<div class=\"elementor-menu-anchor\" id=\"projets\"><\/div>\n\t\t\t\t\t\t<\/div>\n\t\t\t\t<\/div>\n\t\t\t\t<div class=\"elementor-element elementor-element-77072496 elementor-widget elementor-widget-heading\" data-id=\"77072496\" data-element_type=\"widget\" data-widget_type=\"heading.default\">\n\t\t\t\t<div class=\"elementor-widget-container\">\n\t\t\t\t\t<h2 class=\"elementor-heading-title elementor-size-default\">Services fournis<\/h2>\t\t\t\t<\/div>\n\t\t\t\t<\/div>\n\t\t\t\t<div class=\"elementor-element elementor-element-612e8328 elementor-widget-divider--view-line elementor-widget elementor-widget-divider\" data-id=\"612e8328\" data-element_type=\"widget\" data-widget_type=\"divider.default\">\n\t\t\t\t<div class=\"elementor-widget-container\">\n\t\t\t\t\t\t\t<div class=\"elementor-divider\">\n\t\t\t<span class=\"elementor-divider-separator\">\n\t\t\t\t\t\t<\/span>\n\t\t<\/div>\n\t\t\t\t\t\t<\/div>\n\t\t\t\t<\/div>\n\t\t\t\t<section class=\"elementor-section elementor-inner-section elementor-element elementor-element-22c5c331 elementor-section-boxed elementor-section-height-default elementor-section-height-default wpr-particle-no wpr-jarallax-no wpr-parallax-no wpr-sticky-section-no\" data-id=\"22c5c331\" data-element_type=\"section\">\n\t\t\t\t\t\t<div class=\"elementor-container elementor-column-gap-default\">\n\t\t\t\t\t<div class=\"make-column-clickable-elementor elementor-column elementor-col-50 elementor-inner-column elementor-element elementor-element-2ca77d13 boximg\" style=\"cursor: pointer;\" data-column-clickable=\"https:\/\/gouttierealuminiumtfg.fr\/site\/toitures\/\" data-column-clickable-blank=\"_self\" data-id=\"2ca77d13\" data-element_type=\"column\" data-settings=\"{&quot;background_background&quot;:&quot;classic&quot;}\">\n\t\t\t<div class=\"elementor-widget-wrap elementor-element-populated\">\n\t\t\t\t\t\t<div class=\"elementor-element elementor-element-228c713b elementor-position-top elementor-widget elementor-widget-image-box\" data-id=\"228c713b\" data-element_type=\"widget\" data-widget_type=\"image-box.default\">\n\t\t\t\t<div class=\"elementor-widget-container\">\n\t\t\t\t\t<div class=\"elementor-image-box-wrapper\"><figure class=\"elementor-image-box-img\"><img decoding=\"async\" width=\"768\" height=\"576\" src=\"https:\/\/gouttierealuminiumtfg.fr\/site\/wp-content\/uploads\/2023\/03\/bg5-768x576.jpg\" class=\"attachment-medium_large size-medium_large wp-image-53\" alt=\"\" srcset=\"https:\/\/gouttierealuminiumtfg.fr\/site\/wp-content\/uploads\/2023\/03\/bg5-768x576.jpg 768w, https:\/\/gouttierealuminiumtfg.fr\/site\/wp-content\/uploads\/2023\/03\/bg5-300x225.jpg 300w, https:\/\/gouttierealuminiumtfg.fr\/site\/wp-content\/uploads\/2023\/03\/bg5-1024x768.jpg 1024w, https:\/\/gouttierealuminiumtfg.fr\/site\/wp-content\/uploads\/2023\/03\/bg5.jpg 1200w\" sizes=\"(max-width: 768px) 100vw, 768px\" \/><\/figure><div class=\"elementor-image-box-content\"><h3 class=\"elementor-image-box-title\">Les Toitures<\/h3><\/div><\/div>\t\t\t\t<\/div>\n\t\t\t\t<\/div>\n\t\t\t\t<div class=\"elementor-element elementor-element-47e343b elementor-widget elementor-widget-button\" data-id=\"47e343b\" data-element_type=\"widget\" data-widget_type=\"button.default\">\n\t\t\t\t<div class=\"elementor-widget-container\">\n\t\t\t\t\t\t\t\t\t<div class=\"elementor-button-wrapper\">\n\t\t\t\t\t<a class=\"elementor-button elementor-button-link elementor-size-sm\" href=\"#\">\n\t\t\t\t\t\t<span class=\"elementor-button-content-wrapper\">\n\t\t\t\t\t\t<span class=\"elementor-button-icon\">\n\t\t\t\t<i aria-hidden=\"true\" class=\"fas fa-circle\"><\/i>\t\t\t<\/span>\n\t\t\t\t\t\t\t\t\t<span class=\"elementor-button-text\">EN SAVOIR PLUS<\/span>\n\t\t\t\t\t<\/span>\n\t\t\t\t\t<\/a>\n\t\t\t\t<\/div>\n\t\t\t\t\t\t\t\t<\/div>\n\t\t\t\t<\/div>\n\t\t\t\t\t<\/div>\n\t\t<\/div>\n\t\t\t\t<div class=\"make-column-clickable-elementor elementor-column elementor-col-50 elementor-inner-column elementor-element elementor-element-365a1f05 boximg\" style=\"cursor: pointer;\" data-column-clickable=\"https:\/\/gouttierealuminiumtfg.fr\/site\/gouttieres\/\" data-column-clickable-blank=\"_self\" data-id=\"365a1f05\" data-element_type=\"column\" data-settings=\"{&quot;background_background&quot;:&quot;classic&quot;}\">\n\t\t\t<div class=\"elementor-widget-wrap elementor-element-populated\">\n\t\t\t\t\t\t<div class=\"elementor-element elementor-element-324424ff elementor-position-top elementor-widget elementor-widget-image-box\" data-id=\"324424ff\" data-element_type=\"widget\" data-widget_type=\"image-box.default\">\n\t\t\t\t<div class=\"elementor-widget-container\">\n\t\t\t\t\t<div class=\"elementor-image-box-wrapper\"><figure class=\"elementor-image-box-img\"><img decoding=\"async\" width=\"768\" height=\"576\" src=\"https:\/\/gouttierealuminiumtfg.fr\/site\/wp-content\/uploads\/2023\/03\/bg1-768x576.jpeg\" class=\"attachment-medium_large size-medium_large wp-image-58\" alt=\"\" srcset=\"https:\/\/gouttierealuminiumtfg.fr\/site\/wp-content\/uploads\/2023\/03\/bg1-768x576.jpeg 768w, https:\/\/gouttierealuminiumtfg.fr\/site\/wp-content\/uploads\/2023\/03\/bg1-300x225.jpeg 300w, https:\/\/gouttierealuminiumtfg.fr\/site\/wp-content\/uploads\/2023\/03\/bg1-1024x768.jpeg 1024w, https:\/\/gouttierealuminiumtfg.fr\/site\/wp-content\/uploads\/2023\/03\/bg1.jpeg 1200w\" sizes=\"(max-width: 768px) 100vw, 768px\" \/><\/figure><div class=\"elementor-image-box-content\"><h3 class=\"elementor-image-box-title\"><span style=\"color: rgb(33, 37, 41); font-family: Qanelas, &quot;Helvetica Neue&quot;, Helvetica, Arial, sans-serif; white-space: normal; background-color: rgb(242, 244, 246);\">Les Goutti\u00e8res<\/span><\/h3><\/div><\/div>\t\t\t\t<\/div>\n\t\t\t\t<\/div>\n\t\t\t\t<div class=\"elementor-element elementor-element-64ce3b6a elementor-widget elementor-widget-button\" data-id=\"64ce3b6a\" data-element_type=\"widget\" data-widget_type=\"button.default\">\n\t\t\t\t<div class=\"elementor-widget-container\">\n\t\t\t\t\t\t\t\t\t<div class=\"elementor-button-wrapper\">\n\t\t\t\t\t<a class=\"elementor-button elementor-button-link elementor-size-sm\" href=\"#\">\n\t\t\t\t\t\t<span class=\"elementor-button-content-wrapper\">\n\t\t\t\t\t\t<span class=\"elementor-button-icon\">\n\t\t\t\t<i aria-hidden=\"true\" class=\"fas fa-circle\"><\/i>\t\t\t<\/span>\n\t\t\t\t\t\t\t\t\t<span class=\"elementor-button-text\">EN SAVOIR PLUS<\/span>\n\t\t\t\t\t<\/span>\n\t\t\t\t\t<\/a>\n\t\t\t\t<\/div>\n\t\t\t\t\t\t\t\t<\/div>\n\t\t\t\t<\/div>\n\t\t\t\t\t<\/div>\n\t\t<\/div>\n\t\t\t\t\t<\/div>\n\t\t<\/section>\n\t\t\t\t\t<\/div>\n\t\t<\/div>\n\t\t\t\t\t<\/div>\n\t\t<\/section>\n\t\t\t\t<section class=\"elementor-section elementor-top-section elementor-element elementor-element-7d577f27 elementor-section-boxed elementor-section-height-default elementor-section-height-default wpr-particle-no wpr-jarallax-no wpr-parallax-no wpr-sticky-section-no\" data-id=\"7d577f27\" data-element_type=\"section\">\n\t\t\t\t\t\t<div class=\"elementor-container elementor-column-gap-default\">\n\t\t\t\t\t<div class=\"elementor-column elementor-col-100 elementor-top-column elementor-element elementor-element-7df8b0d5\" data-id=\"7df8b0d5\" data-element_type=\"column\">\n\t\t\t<div class=\"elementor-widget-wrap elementor-element-populated\">\n\t\t\t\t\t\t<div class=\"elementor-element elementor-element-4aac82d9 elementor-widget elementor-widget-heading\" data-id=\"4aac82d9\" data-element_type=\"widget\" data-widget_type=\"heading.default\">\n\t\t\t\t<div class=\"elementor-widget-container\">\n\t\t\t\t\t<h2 class=\"elementor-heading-title elementor-size-default\">S\u00e9lection de la r\u00e9daction\n<\/h2>\t\t\t\t<\/div>\n\t\t\t\t<\/div>\n\t\t\t\t<section class=\"elementor-section elementor-inner-section elementor-element elementor-element-d99ab13 elementor-section-boxed elementor-section-height-default elementor-section-height-default wpr-particle-no wpr-jarallax-no wpr-parallax-no wpr-sticky-section-no\" data-id=\"d99ab13\" data-element_type=\"section\">\n\t\t\t\t\t\t<div class=\"elementor-container elementor-column-gap-default\">\n\t\t\t\t\t<div class=\"elementor-column elementor-col-50 elementor-inner-column elementor-element elementor-element-3d31aca7\" data-id=\"3d31aca7\" data-element_type=\"column\">\n\t\t\t<div class=\"elementor-widget-wrap elementor-element-populated\">\n\t\t\t\t\t\t<div class=\"elementor-element elementor-element-716b5f64 elementor-grid-1 elementor-posts--align-left elementor-widget__width-initial elementor-grid-tablet-2 elementor-grid-mobile-1 elementor-posts--thumbnail-top elementor-card-shadow-yes elementor-posts__hover-gradient elementor-widget elementor-widget-posts\" data-id=\"716b5f64\" data-element_type=\"widget\" data-settings=\"{&quot;cards_columns&quot;:&quot;1&quot;,&quot;cards_columns_tablet&quot;:&quot;2&quot;,&quot;cards_columns_mobile&quot;:&quot;1&quot;,&quot;cards_row_gap&quot;:{&quot;unit&quot;:&quot;px&quot;,&quot;size&quot;:35,&quot;sizes&quot;:[]},&quot;cards_row_gap_tablet&quot;:{&quot;unit&quot;:&quot;px&quot;,&quot;size&quot;:&quot;&quot;,&quot;sizes&quot;:[]},&quot;cards_row_gap_mobile&quot;:{&quot;unit&quot;:&quot;px&quot;,&quot;size&quot;:&quot;&quot;,&quot;sizes&quot;:[]}}\" data-widget_type=\"posts.cards\">\n\t\t\t\t<div class=\"elementor-widget-container\">\n\t\t\t\t\t\t\t<div class=\"elementor-posts-container elementor-posts elementor-posts--skin-cards elementor-grid\">\n\t\t\t\t<article class=\"elementor-post elementor-grid-item post-122 post type-post status-publish format-standard has-post-thumbnail hentry category-conseils\">\n\t\t\t<div class=\"elementor-post__card\">\n\t\t\t\t<a class=\"elementor-post__thumbnail__link\" href=\"https:\/\/gouttierealuminiumtfg.fr\/site\/2023\/03\/23\/pourquoi-choisir-ses-gouttieres-en-aluminium-la-reponse-en-5-points-cles\/\" tabindex=\"-1\" ><div class=\"elementor-post__thumbnail\"><img loading=\"lazy\" decoding=\"async\" width=\"600\" height=\"428\" src=\"https:\/\/gouttierealuminiumtfg.fr\/site\/wp-content\/uploads\/2023\/03\/DALALU-_-600x428-Cover-article-2.png\" class=\"attachment-full size-full wp-image-127\" alt=\"\" srcset=\"https:\/\/gouttierealuminiumtfg.fr\/site\/wp-content\/uploads\/2023\/03\/DALALU-_-600x428-Cover-article-2.png 600w, https:\/\/gouttierealuminiumtfg.fr\/site\/wp-content\/uploads\/2023\/03\/DALALU-_-600x428-Cover-article-2-300x214.png 300w\" sizes=\"(max-width: 600px) 100vw, 600px\" \/><\/div><\/a>\n\t\t\t\t<div class=\"elementor-post__badge\">Conseils<\/div>\n\t\t\t\t<div class=\"elementor-post__text\">\n\t\t\t\t<h3 class=\"elementor-post__title\">\n\t\t\t<a href=\"https:\/\/gouttierealuminiumtfg.fr\/site\/2023\/03\/23\/pourquoi-choisir-ses-gouttieres-en-aluminium-la-reponse-en-5-points-cles\/\" >\n\t\t\t\tPourquoi choisir ses goutti\u00e8res en aluminium\u00a0? La r\u00e9ponse en 5 points-cl\u00e9s\u00a0!\t\t\t<\/a>\n\t\t<\/h3>\n\t\t\n\t\t<a class=\"elementor-post__read-more\" href=\"https:\/\/gouttierealuminiumtfg.fr\/site\/2023\/03\/23\/pourquoi-choisir-ses-gouttieres-en-aluminium-la-reponse-en-5-points-cles\/\" aria-label=\"Read more about Pourquoi choisir ses goutti\u00e8res en aluminium\u00a0? La r\u00e9ponse en 5 points-cl\u00e9s\u00a0!\" tabindex=\"-1\" >\n\t\t\tEN SAVOIR PLUS\t\t<\/a>\n\n\t\t\t\t<\/div>\n\t\t\t\t\t<\/div>\n\t\t<\/article>\n\t\t\t\t<\/div>\n\t\t\n\t\t\t\t\t\t<\/div>\n\t\t\t\t<\/div>\n\t\t\t\t\t<\/div>\n\t\t<\/div>\n\t\t\t\t<div class=\"elementor-column elementor-col-50 elementor-inner-column elementor-element elementor-element-27550764\" data-id=\"27550764\" data-element_type=\"column\">\n\t\t\t<div class=\"elementor-widget-wrap\">\n\t\t\t\t\t\t\t<\/div>\n\t\t<\/div>\n\t\t\t\t\t<\/div>\n\t\t<\/section>\n\t\t\t\t\t<\/div>\n\t\t<\/div>\n\t\t\t\t\t<\/div>\n\t\t<\/section>\n\t\t\t\t<section class=\"elementor-section elementor-top-section elementor-element elementor-element-10dd5154 elementor-section-boxed elementor-section-height-default elementor-section-height-default wpr-particle-no wpr-jarallax-no wpr-parallax-no wpr-sticky-section-no\" data-id=\"10dd5154\" data-element_type=\"section\">\n\t\t\t\t\t\t<div class=\"elementor-container elementor-column-gap-default\">\n\t\t\t\t\t<div class=\"elementor-column elementor-col-100 elementor-top-column elementor-element elementor-element-69131688\" data-id=\"69131688\" data-element_type=\"column\">\n\t\t\t<div class=\"elementor-widget-wrap elementor-element-populated\">\n\t\t\t\t\t\t<div class=\"elementor-element elementor-element-48cdeac2 elementor-widget-divider--view-line elementor-widget elementor-widget-divider\" data-id=\"48cdeac2\" data-element_type=\"widget\" data-widget_type=\"divider.default\">\n\t\t\t\t<div class=\"elementor-widget-container\">\n\t\t\t\t\t\t\t<div class=\"elementor-divider\">\n\t\t\t<span class=\"elementor-divider-separator\">\n\t\t\t\t\t\t<\/span>\n\t\t<\/div>\n\t\t\t\t\t\t<\/div>\n\t\t\t\t<\/div>\n\t\t\t\t\t<\/div>\n\t\t<\/div>\n\t\t\t\t\t<\/div>\n\t\t<\/section>\n\t\t\t\t<\/div>\n\t\t","protected":false},"excerpt":{"rendered":"<p>Chez TFG ALU, nous sommes fiers de vous pr\u00e9senter notre expertise en mati\u00e8re d&#8217;habillage en aluminium. Que vous soyez un particulier ou une entreprise, nous sommes l\u00e0 pour r\u00e9pondre \u00e0 tous vos besoins en mati\u00e8re d&#8217;habillage ext\u00e9rieur. L&#8217;aluminium est un mat\u00e9riau de choix pour l&#8217;habillage, et ce pour de bonnes raisons. Tout d&#8217;abord, il offre une durabilit\u00e9 exceptionnelle. Contrairement \u00e0 d&#8217;autres mat\u00e9riaux, l&#8217;aluminium ne se d\u00e9forme pas, ne rouille pas et ne se corrode pas au fil du temps. Il r\u00e9siste \u00e9galement aux intemp\u00e9ries, ce qui en fait un choix id\u00e9al pour les r\u00e9gions o\u00f9 les conditions climatiques sont extr\u00eames. En plus de sa durabilit\u00e9, l&#8217;aluminium est \u00e9galement tr\u00e8s l\u00e9ger. Cela signifie qu&#8217;il est facile \u00e0 manipuler et \u00e0 installer, ce qui r\u00e9duit consid\u00e9rablement les co\u00fbts et les d\u00e9lais de mise en \u0153uvre. De plus, l&#8217;aluminium offre une grande flexibilit\u00e9 en termes de conception. Il peut \u00eatre fa\u00e7onn\u00e9 dans une vari\u00e9t\u00e9 de formes et de finitions, ce qui vous permet de cr\u00e9er des habillages personnalis\u00e9s qui s&#8217;adaptent parfaitement \u00e0 votre style et \u00e0 votre esth\u00e9tique. Un autre avantage majeur de l&#8217;habillage en aluminium est son aspect esth\u00e9tique. L&#8217;aluminium offre une apparence moderne et \u00e9l\u00e9gante qui rehausse l&#8217;attrait visuel de n&#8217;importe quel b\u00e2timent. Que vous souhaitiez habiller votre maison, votre bureau ou tout autre espace, l&#8217;aluminium ajoutera une touche de sophistication et de qualit\u00e9. Chez TFG ALU, nous sommes sp\u00e9cialis\u00e9s dans la fourniture et l&#8217;installation d&#8217;habillages en aluminium de haute qualit\u00e9. Nous travaillons avec des mat\u00e9riaux de premier choix et nous nous engageons \u00e0 fournir des produits durables et esth\u00e9tiques qui r\u00e9pondent aux attentes les plus \u00e9lev\u00e9es de nos clients. Notre \u00e9quipe d&#8217;experts se tient \u00e0 votre disposition pour vous conseiller et vous accompagner tout au long du processus, de la conception \u00e0 l&#8217;installation. Nous vous garantissons un service professionnel, fiable et personnalis\u00e9. Alors, pourquoi choisir l&#8217;habillage en alu ? Parce que chez TFG ALU, nous vous offrons les meilleurs produits, une expertise in\u00e9gal\u00e9e et un service client exceptionnel. Contactez-nous d\u00e8s aujourd&#8217;hui pour discuter de vos projets d&#8217;habillage en aluminium et laissez-nous transformer vos id\u00e9es en r\u00e9alit\u00e9 ! Services fournis Les Toitures EN SAVOIR PLUS Les Goutti\u00e8res EN SAVOIR PLUS S\u00e9lection de la r\u00e9daction<\/p>\n","protected":false},"author":1,"featured_media":0,"parent":0,"menu_order":0,"comment_status":"closed","ping_status":"closed","template":"","meta":{"footnotes":""},"class_list":["post-570","page","type-page","status-publish","hentry"],"_links":{"self":[{"href":"https:\/\/gouttierealuminiumtfg.fr\/site\/wp-json\/wp\/v2\/pages\/570","targetHints":{"allow":["GET"]}}],"collection":[{"href":"https:\/\/gouttierealuminiumtfg.fr\/site\/wp-json\/wp\/v2\/pages"}],"about":[{"href":"https:\/\/gouttierealuminiumtfg.fr\/site\/wp-json\/wp\/v2\/types\/page"}],"author":[{"embeddable":true,"href":"https:\/\/gouttierealuminiumtfg.fr\/site\/wp-json\/wp\/v2\/users\/1"}],"replies":[{"embeddable":true,"href":"https:\/\/gouttierealuminiumtfg.fr\/site\/wp-json\/wp\/v2\/comments?post=570"}],"version-history":[{"count":4,"href":"https:\/\/gouttierealuminiumtfg.fr\/site\/wp-json\/wp\/v2\/pages\/570\/revisions"}],"predecessor-version":[{"id":690,"href":"https:\/\/gouttierealuminiumtfg.fr\/site\/wp-json\/wp\/v2\/pages\/570\/revisions\/690"}],"wp:attachment":[{"href":"https:\/\/gouttierealuminiumtfg.fr\/site\/wp-json\/wp\/v2\/media?parent=570"}],"curies":[{"name":"wp","href":"https:\/\/api.w.org\/{rel}","templated":true}]}}